- 1) + 1 + (-1 - -3). Let p = x - -131. Calculate the remainder when p is divided by 29.
28
Let p be (-5 + 2)/(12/(-16)). Suppose 10 = -s + 2*s - p*o, -s - 3*o = -38. Suppose -2*w = -s + 2. What is the remainder when w is divided by 7?
5
Suppose 15*r = 10*r + 90. Let i(l) = -l**3 - 6*l**2 + 7*l + 5. Let q be (-6)/(-4 + 2) + -10. What is the remainder when r is divided by i(q)?
3
Let b(w) = w**3 - 8*w**2 + w + 6. What is the remainder when 2*-3*(-85)/10 is divided by b(8)?
9
Let g = 750 + -33. Let i be 1/4 - g/(-12). Let m = -33 + i. What is the remainder when 51 is divided by m?
24
Let q = -49 + 48. Let m(a) = -21*a**3 + a**2 - a - 2. Calculate the remainder when m(q) is divided by 11.
10
Suppose 0*k = -4*k + 8. Suppose 5*i = k*i + 195. Calculate the remainder when i is divided by ((-132)/(-18) - -4)/(4/6).
14
Let v(a) = -3*a**3 + 55*a**2 - 26*a + 38. What is the remainder when v(17) is divided by 14?
10
What is the remainder when 795 is divided by (1 - 0/2)*21?
18
Suppose -3*f + f = -50. What is the remainder when f is divided by -7*(-40)/35 + 6?
11
Suppose -5 = -5*h, -h = -2*k + 1 - 2. Suppose 0 = -3*o, -3*o + 60 = -2*m - k*o. Let n = m - -45. What is the remainder when 27 is divided by n?
12
Let h(d) = -d**3 - 3*d**2 + 6*d - 12. Let l be h(-7). Suppose -l*k - 56 = -146*k. Calculate the remainder when 83 is divided by k.
13
Let z = -238 - -338. Suppose 3*b - 82 = -5*s, 0*s = 4*b + 2*s - z. What is the remainder when b is divided by 9?
6
Suppose -12*p + 88 = -4*p. Calculate the remainder when p is divided by (-2)/(-2 + -2)*6.
2
Calculate the remainder when 48 is divided by 24/(-10)*((-184)/16 - 1).
18
What is the remainder when ((-4)/(-12))/((-8)/(-3816)) is divided by 126?
33
Let v = -173 - -279. What is the remainder when v is divided by 18?
16
Let q(u) = -u**3 + 2*u + 46. Let l be q(0). Suppose l = 128*n - 126*n. What is the remainder when 68 is divided by n?
22
Let v = 97 + -295. Let c be (-8)/6*v/12. Let a = 28 + c. What is the remainder when a is divided by 13?
11
Calculate the remainder when 66 is divided by ((-70)/(-40))/(9/108).
3
Let b(w) = w**3 + 10*w**2 + 11*w. Suppose -r + 2*r + s = 4, 5*r + s = 32. Calculate the remainder when b(-8) is divided by r.
5
Let u be (1*7)/(-10 + 11). Let m(r) = -19*r - r**2 - 5 + 7 + u. Calculate the remainder when m(-16) is divided by 29.
28
Let c = -72 + 74. Calculate the remainder when 18 is divided by 1155/225 + c/(-15).
3
Suppose 3*c = 1220 + 589. Suppose 6*z = c - 213. What is the remainder when z is divided by 22?
21
Suppose -5*k + 53 = 3*f, k + 0*f = -2*f + 12. Let l(z) = 19*z + 138. What is the remainder when l(-6) is divided by k?
4
Let o(k) = 12*k**2 - k - 3. Let s be o(4). Suppose c - 2 = 3, -s = -5*h - 5*c. What is the remainder when 93 is divided by h?
29
Suppose 6*p - 4*p + 188 = 3*d, -2*d + 3*p + 127 = 0. What is the remainder when d is divided by 35?
27
Calculate the remainder when 92 is divided by (-8)/24 + ((-61)/(-3) - 4).
12
Let f(c) = c**3 - 18*c**2 - 66*c + 78. What is the remainder when 27 is divided by f(21)?
12
Suppose 0*a = -2*a + 22. What is the remainder when (4 + -2)/((-8)/(-86 + 6)) is divided by a?
9
Suppose 44*l - 3621 = -7*l. Calculate the remainder when l is divided by 37.
34
Suppose -4*j + 175 = -197. Suppose -x + j = -0*x. Calculate the remainder when x is divided by 47.
46
Suppose -6*i = -43 + 7. Calculate the remainder when 289/5 + i/30 is divided by 20.
18
Let p = -3 - -13. Let g = -143 + 77. Let f = g - -104. What is the remainder when f is divided by p?
8
Let f(q) = 2*q + 9. Let m be f(0). Suppose -3*h + m = -21. What is the remainder when 29 is divided by h?
9
Let l be (-2 - ((1 - 0) + -3))/1. Suppose 0*f - f + 4 = l. What is the remainder when 25 is divided by f?
1
Calculate the remainder when (-8*1809/432)/((-2)/204) is divided by 18.
15
Let f = 733 + -650. Calculate the remainder when f is divided by 19.
7
Suppose -8*c - 2*i = -10*c + 28, -2*i = -5*c + 61. Calculate the remainder when 26 is divided by c.
4
Let y(k) = -k**2 + 5*k - 3. Let z be y(3). Let n be (-12)/(2/18*z). Calculate the remainder when 97 is divided by (-4)/(-18) - 892/n.
22
Suppose 349 = 7*d - 57. Let s(u) = -u**2 - 6*u - 1. Let j be s(-4). What is the remainder when d is divided by 1*j/((-21)/(-36))?
10
Let c = 13 + -5. Let d(f) = -19*f + 8 + 20*f - 3. Calculate the remainder when d(10) is divided by c.
7
Let y(c) = c**2 + 5*c - 1. Suppose 0 = -t + 6*t. Suppose -a = f - 6, 2*f = -4*a - t*f + 26. Calculate the remainder when a is divided by y(-6).
2
Let n(a) = 31*a**3 - 3*a + 3. Calculate the remainder when 90 is divided by n(1).
28
Let h(c) = 11*c + 9. Calculate the remainder when 5 - (-4 + 9 + -2 + -366) is divided by h(4).
50
Suppose 40 + 44 = i. Suppose -4*v = -i - 24. Suppose -r + 3*r - 20 = 0. What is the remainder when v is divided by r?
7
Let l(h) = 4*h**2 + 4*h + 2. Suppose -i + 4*i + 3 = f, 4*f - 3 = 3*i. Suppose 4*q - 75 - 77 = f. What is the remainder when q is divided by l(-2)?
8
Suppose -5*u - 216 = -9*u. Let v = 82 - u. Calculate the remainder when v is divided by (5/3)/((-2)/(-12)).
8
Let o = 35 + -20. Let y be (-1286)/(-12) + (2 - (-52)/(-24)). Let v = y + -64. What is the remainder when v is divided by o?
13
Let q = -42 + 153. Suppose 4*t + 5*k - 37 = 40, -3*k - 9 = 0. Calculate the remainder when q is divided by t.
19
Suppose -2442 - 2376 = -22*u. Calculate the remainder when u is divided by (5/(-15))/((-2)/222).
34
Let c = 314 + -283. Calculate the remainder when c is divided by 13.
5
Let a = 928 + -830. What is the remainder when a is divided by 41?
16
Suppose -6*a = -71 - 7. Let r = -63 - -93. Let f = r + 19. Calculate the remainder when f is divided by a.
10
Suppose x = 2*v - 37, 44 = 2*v - 4*x + 10. What is the remainder when 53 is divided by v?
15
Suppose 5*i - 2641 = f, 38*i + 4*f = 43*i - 2629. Calculate the remainder when i is divided by 9.
7
Let o(y) = -18*y. Suppose -5*m - 38 = -2*h, h + 2*m - 10 = 9. Calculate the remainder when o(-4) is divided by h.
15
Let y(a) = -40*a + 236. Calculate the remainder when 174 is divided by y(4).
22
Let z(o) = 9*o + 263. Calculate the remainder when 42 is divided by z(-25).
4
Let t(y) = -y + 13. Let x be t(-9). Let k = x + -35. Let p = k + 59. Calculate the remainder when p is divided by 16.
14
Let q(j) = -j**3 - 5*j**2 + 19*j - 16. Suppose -4*u + 21 = -u. What is the remainder when q(-8) is divided by u?
3
Suppose 0 = 5*p - 3*k - 65, -p - 5*k - 5 = -46. Suppose -2*t + 28 = w, -w - t + p = -2*t. Calculate the remainder when 58 is divided by w.
18
Suppose -8 = -2*a - 0. Suppose j - 10 = -2*r, -j + 1 = a*r - 1. Suppose 0 = 5*b + 2*l - 185, b = 4*l - 40 + 55. What is the remainder when b is divided by j?
17
Let x(f) = f**2 - 3*f - 2. Let o be x(4). Calculate the remainder when 18 is divided by 32/5 + (26/10 - o).
4
Suppose 0*w + 5*f + 40 = 2*w, -2*w = 4*f - 4. Let h(c) = c**2 - 7*c - 5. Let u be h(8). What is the remainder when 21 - ((u - 2) + 2) is divided by w?
8
Let a = 44 - 53. Let c = -8 - a. Calculate the remainder when c is divided by 1.
0
Let s(u) = -9*u - 8. Suppose 0 = 3*z + 10 + 41. Let w = z + 13. What is the remainder when s(w) is divided by 15?
13
Let x = 1379 - 1341. Let a(l) = -56*l - 1. Calculate the remainder when a(-2) is divided by x.
35
Let w be (-1)/(-3) - (-40)/(-3). Let x = w + 22. Suppose 60 - 210 = -25*d. Calculate the remainder when x is divided by d.
3
Let b(x) = -x**3 + 15*x**2 - 12*x + 6. Let z be b(13). Suppose -121 - z = -3*g. What is the remainder when g is divided by 21?
19
What is the remainder when 822 is divided by 10/4*264/(23 - 11)?
52
Let w = 3 - -2. Let v(u) = 6*u - 13. Calculate the remainder when 31 is divided by v(w).
14
Let b be ((-168)/(-20))/(4/(-20)). Let v = b + 64. What is the remainder when v is divided by 4?
2
Calculate the remainder when ((-65)/10)/(57/30 + -2) is divided by 23.
19
Suppose 0 = -4*b + 12, -4*u - b = 2*b - 113. Calculate the remainder when 86 is divided by u.
8
Let d = 107 - 95. What is the remainder when (4/6)/((-8)/(-972)) is divided by d?
9
Let d = -24 - -34. Suppose -d*x + 8*x = -54. What is the remainder when 105 is divided by x?
24
Let f be -41 + -1 + (3 - 3). Let j = f + 70. Let g = -227 + 336. Calculate the remainder when g is divided by j.
25
Calcu